 l = m - -3. Suppose l*d - 218 = 48. Is d composite?
True
Let x(i) = i**2 - 4*i + 2. Let n be -7*(-3)/(6/2). Let y be x(n). Let h = 44 - y. Is h composite?
True
Let p be 2 + -4 + 25 + -5. Suppose -6 = 3*g - p. Is (-14)/(-3)*66/g prime?
False
Suppose -8*k + 73677 - 21749 = 0. Is k a composite number?
False
Let y(r) = 29*r**2 - 9*r - 3. Is y(-20) prime?
True
Suppose 2*p = f + 17900, -3*p + 4*f + 26860 = -0*p. Suppose 17*q - 13*q = p. Is q a composite number?
False
Is (-3206)/(-8) - (-1)/4 a prime number?
True
Let v(i) = 773*i + 33. Is v(46) prime?
True
Let o = -100 - -71. Let b = 498 - o. Is b a composite number?
True
Let c(p) = -3*p + 6*p - 4 - 2. Is c(9) composite?
True
Let y be (11 - 10)*(1 + 4). Suppose 2*c - 158 = 4*s, -y*c - 4*s = -340 - 97. Is c composite?
True
Let f = 577 - 87. Let d = 53 + f. Is d composite?
True
Suppose -3*y = -4*y + 170. Suppose 0 = 4*z - 2*z + 4*c - y, -4*z + 5*c + 327 = 0. Is z composite?
False
Let x be 4/10 + (-110)/25. Let n = x + 19. Let p(s) = 79*s - 8. Is p(n) composite?
True
Let x = -12 - -6. Let l(w) = -w - 2. Let b be l(x). Is 3/b - (-1014)/24 composite?
False
Is 4447/3 - (-20)/(-15) a prime number?
True
Let b(u) = u + 3. Let p be b(1). Suppose -16 = q - 4*t - 243, 3*t - 889 = -p*q. Is q a composite number?
False
Let z = 7 - 5. Suppose -12 = -3*b, -z*t + 716 - 186 = 3*b. Is t a composite number?
True
Let a = 340 + -144. Suppose 2*d - a - 800 = 0. Let n = d + -265. Is n composite?
False
Suppose -2*z = z - 1062. Suppose 4*t + z = 54. Let k = t + 128. Is k composite?
False
Let i(m) = 6*m + 7. Let j = -33 + 37. Is i(j) a composite number?
False
Let y be (-444)/(-16) - 1/(-4). Suppose -y*v + 11665 = -23*v. Is v a composite number?
False
Let c(t) be the second derivative of 7*t**5/10 - t**4/4 - 9*t**2/2 + 26*t. Is c(4) composite?
False
Let y(a) = 150870*a**2 + 35*a + 34. Is y(-1) a prime number?
True
Let o(c) = -7*c**3 + 2*c**2 - 4. Let q be 5/(-2)*4/5. Let j be (-5 + 0)/1 - q. Is o(j) composite?
True
Suppose 0 = 90*b - 99*b + 385542. Is b a prime number?
False
Let c = -61 + 64. Is (4/24*c)/((-2)/(-124)) composite?
False
Is 4*((-2205)/(-4) - (-3)/(-6)) prime?
True
Suppose 3*b + 39 = -b + 5*z, 3*b + 5*z = -3. Let x = 9 + b. Suppose o + 3*o = r + 718, -x*r - 722 = -4*o. Is o prime?
True
Suppose -3*x + 36 = -174. Let i = x - -129. Suppose 5*k - 6*k + i = 0. Is k a composite number?
False
Let s(t) be the first derivative of 2091*t**2/2 + 4*t + 21. Is s(1) a composite number?
True
Suppose 7*v = 8*v - 18. Suppose v = p + 13. Is 12/(-30) + 2487/p a prime number?
False
Suppose -719 + 31 = -16*g. Let r = g - -208. Is r a composite number?
False
Let q(h) = 14*h - 2. Let o be q(3). Suppose 4*b - o = 5*k, -b - k - 19 = -4*b. Suppose 3*f = -b*t + 175, -3*f - f - 70 = -2*t. Is t a composite number?
True
Let m be 1/3 + (-8)/(-3). Let f be -1*1/6 + (-29830)/(-60). Suppose -f + 8 = -m*x. Is x composite?
False
Suppose -3*o + 17198 = -10111. Is o a composite number?
False
Suppose 1770 = 4*b - 9*b. Let m = b + 499. Is m a prime number?
False
Let s(b) = b**3 - 2*b**2 - b - 2. Let i be s(4). Let a = -19 - -30. Let y = a + i. Is y composite?
False
Let w = 12 - -16. Let i = w - -298. Is i a prime number?
False
Suppose -57*j - 30 = -72*j. Suppose -5*u + 5178 = -v, 1054 = u + v + 22. Suppose -825 = -4*s - 2*t + 3*t, j*t + u = 5*s. Is s composite?
True
Let c(j) = -2*j**3 + 97*j**2 + 7*j - 49. Is c(36) composite?
False
Suppose -t + 2*w = 885 - 14300, -3*t + w = -40265. Is t a composite number?
True
Is 5/((-30)/4) + 487375/15 prime?
True
Let t(u) = u**3 + 3. Let p be t(-4). Let j = 184 - p. Let b = 1152 - j. Is b a prime number?
True
Let x(j) = -j**2 + 4*j + 4. Let a be x(5). Let d be (1 + -7)*(a + 2). Is 1982/6 - 4/d a composite number?
False
Let n(l) = -5 + 2*l**3 + 4*l**3 - 5*l**3 + 6*l. Let w be n(5). Suppose p - 17 = w. Is p a composite number?
False
Let z(n) = 741*n**3 + 4*n**2 - 4*n + 3. Is z(2) prime?
True
Let q = -60 + 64. Suppose 13454 = 4*v + 3*p, 3*v - q*p - 10103 = -0*v. Is v prime?
False
Let p(k) be the second derivative of 1/3*k**4 + 0 - 9*k - 4*k**2 - 5/2*k**3. Is p(17) composite?
True
Is (-3 + 1)/((-12)/96342) composite?
False
Let k(c) = -21*c. Suppose 4*g - 4*z = -12, 3*z = -g - z + 2. Let q be k(g). Let o = 27 + q. Is o a composite number?
True
Let m(s) = 3*s - 15. Let h be m(5). Let j(f) = 4*f**3 - 6*f**2 - 6*f - 131. Let k(v) = v**3 - v**2 - v. Let b(o) = -j(o) + 5*k(o). Is b(h) prime?
True
Suppose -47 - 9 = 5*x - 4*a, 0 = -4*x - 3*a - 51. Is 2*1041/x*-2 prime?
True
Suppose -2*b - 2*b + 5*x = -1332, -b + 333 = 4*x. Suppose -2*p - b = -1787. Is p a prime number?
True
Let y = 36381 + 7630. Is y prime?
False
Suppose 0 = -6*p + p + 50. Suppose -9 = -11*q + p*q. Is q a prime number?
False
Is (-33121296)/(-585) - (-6)/(-10) a composite number?
True
Suppose -97*q - 4683 = -104*q. Is q a prime number?
False
Let i be 3/15 - (-598)/10. Suppose 3 = s + j + 1, 4*s - 8 = -j. Suppose s*f = 8 + i. Is f composite?
True
Suppose 0*q + 20552 = q + 3*x, 5 = -5*x. Is q prime?
False
Suppose 4*l = -2*o + 72, 0*l = 3*l + 4*o - 44. Let z = l + -12. Suppose 0 = -7*q + z*q - 43. Is q a prime number?
True
Let i(o) = 18*o**2 + 17. Is i(12) composite?
False
Suppose -2*u = -1552 - 1394. Let g = u - -62. Is g a prime number?
False
Is (-13)/(-91) + (-7914)/(-21) a composite number?
True
Suppose -50*s + 211513 = -19*s. Is s prime?
True
Let u(w) = 6*w**2 + 3*w + 16. Let r be u(7). Let a(k) = -21*k + 6. Let f be a(6). Let z = f + r. Is z a composite number?
False
Let s(r) = 5*r**2 + 9*r + 33. Is s(11) composite?
True
Is 694476/288 - 3/24*3 composite?
False
Let k be 7 + -2 + 4/(-2). Is -1 - -413 - k/(-1) prime?
False
Is 28/(-8)*(498920/(-14))/5 prime?
False
Let t = 8230 - 2221. Let z = -4174 + t. Is z prime?
False
Let f = -39762 + 122135. Is f a composite number?
False
Let y = -254 + 605. Let s = y - -2354. Is s a prime number?
False
Suppose -4 + 2 = -q. Suppose 5*w + 1 = -4*p, 2*w - 1 = -q*p - w. Is 208/(8 + p) + 1 a prime number?
True
Suppose k + 3*i - 3045 = 7*i, k + 5*i = 3054. Is k composite?
False
Suppose 5*v = 3*v - 5*h - 200, -4*v - 3*h = 372. Is (-2)/5 + (-6)/(v/28641) a prime number?
False
Let q = -2033 + 3051. Is q a prime number?
False
Is (2/(-3))/(-5 - (-204412)/40884) a composite number?
False
Suppose -17446 = -8*j + 28570. Suppose -8*b + 3792 + j = 0. Is b a prime number?
True
Let z(r) = 62*r - 29. Let h be z(3). Suppose -335*q + h = -334*q. Is q composite?
False
Let n be (-8)/(-14) - 74400/56. Let u = 1914 + n. Is u a prime number?
False
Let c(h) = 119*h - 1. Let j be c(1). Suppose -4*q + 3*v = -92, j = 8*q - 3*q - 3*v. Is q a prime number?
False
Let m(h) = -477*h - 71. Is m(-10) a composite number?
True
Let x = -1041 - -4548. Suppose -596 = 3*y + 5*s - x, -2*y = -2*s - 1930. Is y prime?
True
Let m be 86/(-4) - (-12)/8. Let f(i) = 19 - 22*i + 2*i - 20*i - 5*i. Is f(m) composite?
False
Is 51/68*170444/3 composite?
False
Let f = 69 - 69. Let g(k) = -k + 223. Is g(f) composite?
False
Let p(u) = u**2 - 7*u - 12. Let m be p(10). Let x be (1272/m)/((-1)/(-6)). Suppose k = -3*f + x, -f + 79 = -5*k - 57. Is f prime?
False
Let d(x) = x**3 + 3*x**2 + 6*x. Let y be d(5). Suppose -11*m = -580 - 377. Let o = y - m. Is o a composite number?
True
Let v(d) = 26*d**2 - d - 1. Let n be v(-1). Let j = n - 115. Is (j/(-4))/(10/40) prime?
True
Let n = -3966 + 15545. Is n prime?
True
Let y = -3 + 11. Is (-9489)/(-45) + y/60 prime?
True
Suppose -3*i - 6 = 0, 5*i - 14066 = -5*x + 84419. Is x a composite number?
False
Let w(s) = -106*s**3 + 3*s**2 - 6*s - 19. Is w(-2) a composite number?
False
Suppose 7*t = -3*c + 12*t + 14557, 0 = 5*c + t - 24299. Is c prime?
False
Suppose 0 = -23*p + 31*p - 27352. Is p composite?
True
Let c be 3/(-18) + (-628)/(-24). Let s(k) = -k**3 + 30*k**2 - 40*k + 29. Is s(c) prime?
True
Is 3 + ((-26)/1)/(2/(-1826)) a composite number?
False
Let t(k) = -k**2 + 3*k + 11. Let j be t(8). Let g = j + 36. Suppose -3*v + g*v = 76. Is v prime?
True
Suppose -6*j = -4*j - 8. Suppose -7*f - j*s + 383 = -6*f, 0 = -4*f + 3*s + 1475. Is f a composite number?
True
Let n(f) be the second derivative of -67*f**5/20 - f**3/6 - f**2/2 - 4*f. Let u = 5 - 6. Is n(u) a prime number?
True
Suppose -3*x = -8*x, -f - 5 = x. Is (-722)/f - (-15)/25 a prime number?
F